ppose 5 = 3*q + a - 3, -2*a - 12 = -q. Let y(d) = d**3 - 5*d**2 + 4*d. Give y(q).
0
Let h(m) be the second derivative of 0 - m**3 - 2*m + 1/24*m**4 - m**2. Let b(y) be the first derivative of h(y). Calculate b(5).
-1
Let j(y) = y**3 - 5*y**2 + 6. Let b = 16 + -11. What is j(b)?
6
Let b(d) = -2*d**3 + d**2 + 2*d + 1. Let n(f) = -f**3 - 6*f**2 - 4*f + 1. Let x be n(-6). Suppose -p = 4*p - x. Suppose 4 - 9 = p*w. Give b(w).
2
Let i(q) = -10 + 0*q**3 + 4 - q**3 + 8*q - 2*q - 5*q**2. Give i(-6).
-6
Let x(t) = -22*t**2 - 8 + 11*t**2 - 8*t + 3*t**2 + t**3. Let i(l) = l**2 - l + 3. Let g be i(3). Let a be x(g). Let w(j) = -5*j**2 + 1. Calculate w(a).
-4
Let x(s) = -s**3 + 4*s**2 + 3*s - 3. Let d = -41 + 46. What is x(d)?
-13
Let m(p) = p**2 + 10*p + 14. Let d be m(-10). Let c(w) = -5*w**3 + 4*w**3 + 12*w + 1 - 5*w**2 - d*w. Suppose 4*y = 5*b - 6, 0*y - 2*y + 3*b = 2. Determine c(y).
-7
Let l(t) = t + 7. Suppose 0*i - 4*i - 24 = 0. Give l(i).
1
Suppose -s = -u, 0*s = s - 4*u + 3. Let d = s - 5. Let z(o) = -o**3 - 3*o**2 - 2*o - 2*o**2 + 4 - 2*o. What is z(d)?
4
Suppose 0 = -h - 2*h - 9. Let a(p) be the third derivative of p**5/30 + p**4/6 - p**3/6 + p**2. What is a(h)?
5
Let l(b) be the second derivative of -b**3 - 6*b + 0 - 1/3*b**4 + 1/20*b**5 + 5/2*b**2. Determine l(5).
0
Let q(r) = -r**3 - r**2 - 1. Let b(x) = 4*x**3 + 10*x**2 + 8*x - 2. Let h be -1 - 8/(-6)*-3. Let m(z) = h*q(z) - b(z). Determine m(6).
-5
Let h be (15/(-100))/((-9)/5). Let l(i) be the second derivative of h*i**4 + 1/2*i**3 + 0 + 1/2*i**2 - i. What is l(-4)?
5
Let f = 29/42 + -5/14. Let t(h) be the first derivative of f*h**3 - 2*h**2 - h - 1. Determine t(3).
-4
Let o(i) = i**2 + 6*i. Let a(l) be the second derivative of -l**5/20 - 3*l**2/2 - l. Let z be a(-3). Suppose 2*b + 2*b = -z. What is o(b)?
0
Let x = 1 + 1. Suppose 5*p + 6 = -x*q, -2*q - 2*q = 4*p. Let h(d) = -3 + d**q + 5*d - 6*d - 2. Determine h(4).
7
Let a(v) = -v**2 + 4*v + 3. Let u(f) = -2*f - 3. Let t be u(-4). What is a(t)?
-2
Let j(g) = 2*g - 1. Let l(w) = -7*w + 7. Let t(k) = -3*j(k) - l(k). Let n be (2/(-2))/(1/(-4)). Give t(n).
0
Let d = -18 + 24. Let m(c) = d*c + 10 - 1 + 0 + c**2. Calculate m(-6).
9
Let f(w) = -6*w**2 + 2. Let o(d) = -7*d**2 + d + 1. Let t(r) = -6*f(r) + 5*o(r). Let j(g) = -g - 10. Let q be j(-4). Calculate t(q).
-1
Let l(j) = -6*j**2 + 4*j + 1. Let h(q) = -17*q**2 + 11*q + 3. Let g(p) = -4*h(p) + 11*l(p). Let w be (0/(-2) + 1)*1. Determine g(w).
1
Let r(s) = s**3 + 4*s**2. Let b = -8 - -4. Determine r(b).
0
Let w(o) be the third derivative of o**4/24 + o**3/6 - 5*o**2. Determine w(-2).
-1
Let i(c) be the first derivative of -1/60*c**5 + 0*c + 1 - 1/12*c**4 + 1/2*c**2 + 0*c**3. Let d(j) be the second derivative of i(j). Give d(-3).
-3
Let a(p) = p**3 + 5*p**2 - 8*p - 5. Let x(t) = t**3 + 3*t**2 - t + 6. Let b be x(-4). What is a(b)?
7
Let u(x) = -x**2 - 10*x - 5. Suppose -4*z = 28 + 12. Let w be u(z). Let l(v) = -v**2 - 4*v + 5. Determine l(w).
0
Let o(m) be the second derivative of m**4/12 + 4*m**3/3 - 9*m**2/2 - 15*m + 1. Give o(-9).
0
Let o = 3 - 3. Let i(c) = 3 - c**3 + c**2 + c**3 - c**3. Calculate i(o).
3
Let t(n) = n**2 + 3. Let g be (-2)/(-7) - (-18)/(-63). Calculate t(g).
3
Let o(d) = -8*d - d**2 - d**2 + 6*d**2 - 7 - 3*d**2. Calculate o(8).
-7
Let s(f) = 2*f - 1. Suppose -6*r = -8 - 4. Determine s(r).
3
Let o(c) = c + 289 + 2*c - c**2 - 287. What is o(-3)?
-16
Suppose -x + 9 = 2*x - 4*q, 0 = -2*x - q - 5. Let k(z) be the third derivative of -z**5/15 - z**4/12 - z**3/6 - 12*z**2. Give k(x).
-3
Let y(a) be the second derivative of -a**5/20 - a**4/2 - 2*a**3/3 + 16*a. What is y(-4)?
-16
Let r(o) = -4*o**2 + 9*o + 8. Let s(c) be the first derivative of -c**3/3 + c**2 + 2*c + 3. Let i(d) = 2*r(d) - 9*s(d). Determine i(-2).
2
Let y(t) be the first derivative of -2*t**4 + t**3/3 - t**2/2 + t - 16. What is y(1)?
-7
Let q(w) = -w**3 - 2*w**2 + 3*w + 3. Let d be q(-3). Let l(o) = -4*o + 3*o - o**3 - d*o**2 + 4*o. Determine l(-4).
4
Let m(r) be the first derivative of -r**4/4 + r**2/2 - 2*r + 8. Give m(0).
-2
Suppose -13 = -4*y - 5. Let z(u) = -2*u**3 + 3*u**2 - u. What is z(y)?
-6
Let i(b) = -b**3 - 3*b**2 + 3*b + 4. Let a = 4 + -8. Let u be (a/(-6))/(4/6). Suppose -u + 16 = -5*w. Give i(w).
-5
Let f(q) = q**3 + 8*q**2 - 2. Let x be f(-8). Let n be 3/6*x*-4. Let s(i) = -5*i - 13. Let r(g) = g + 3. Let v(a) = -9*r(a) - 2*s(a). Determine v(n).
3
Let j be 0*(-3)/(-6) + 2. Let u(q) = 6 + 0*q - j - 4*q**2 + q - q**3 + 0. Calculate u(-3).
-8
Let p(y) = -3*y - 1. Suppose 0*n - 2*n - 4 = 0. Give p(n).
5
Let u(o) = o**2 - 2*o - 13. Let z(f) = f**2 - f - 9. Let m(k) = -5*u(k) + 7*z(k). Give m(-2).
4
Let y be (-3)/2*190/(-15). Let w = y - 14. Let k(q) be the second derivative of -q**4/12 + 5*q**3/6 + q**2 - q. What is k(w)?
2
Let c(h) = 23*h**2 + 20*h + 17. Let a(z) = -8*z**2 - 7*z - 6. Let d(g) = 17*a(g) + 6*c(g). Let s be d(-1). Let n(j) = -13*j**2 + 1. What is n(s)?
-12
Let b(o) = -o**2 - o - 2. Let j = 12 - 16. Determine b(j).
-14
Let i(g) = -6 - 3*g**2 + g - 4*g**2 + g**3 + 6*g**2 - 4. Let p(s) = -4*s**3 + 4*s**2 - 4*s + 30. Let h(c) = -7*i(c) - 2*p(c). What is h(0)?
10
Let s(k) = -k**2 - k + 8. Let z(x) = 2*x - 22. Let p be z(11). Give s(p).
8
Let u(v) = 2*v**3 + 3*v**2 - 9*v - 7. Let s = 3 - -2. Let r(w) = -w**3 - 2*w**2 + 5*w + 4. Let h(g) = s*r(g) + 2*u(g). Calculate h(-5).
-4
Let h(m) = -m**2 + m + 5. Let i be 0*(1/(-4) - (-70)/120). Give h(i).
5
Let s(h) = h**3 - 4*h**2 - 2*h - 7. Let t = 2 - -3. Determine s(t).
8
Let b(p) = p - 8. Suppose 2*i - 3*o - 36 = 2*o, -4*o = 2*i. Calculate b(i).
0
Suppose -2*i - 2*t - 3*t + 17 = 0, 4*i + 2 = 2*t. Let d be (-7)/(-21)*9/i. Let r(g) = 2*g**3 + 0*g**2 - 3*g**3 + 4*g**2 + 4 - 4*g. Calculate r(d).
1
Let h(n) = -n**2 + 9*n + 2. Suppose 4*c = -4*m + 24, 4*m - 27 = -0*c - 3*c. Give h(m).
2
Let t(l) be the first derivative of l**5/120 - l**4/24 + l**3/3 - 3. Let o(x) be the third derivative of t(x). What is o(0)?
-1
Let z(h) be the second derivative of h**5/20 + 7*h**4/12 + h**3/2 + 3*h**2 - 39*h. Give z(-7).
-15
Let a be 2/(-8) - (-9)/4. Let z be (6/(-1) - -2)/(-2). Suppose j - 4*j + 10 = -z*d, a*j = 5*d + 25. Let c(g) = -g**2 - g - 3. What is c(j)?
-3
Let v be (-6)/9*(-18)/4. Suppose -2*q = -v*k + 9, 2*k = -2*q - q + 19. Let m(z) = z**3 - 5*z**2 - z + 6. Calculate m(k).
1
Let c(m) = 2*m**3 + 11*m**2 + 3*m + 1. Let y(l) = -l**3 - 6*l**2 - 2*l - 1. Let b(q) = -3*c(q) - 5*y(q). Determine b(-4).
14
Let b(g) = g**3 - g**2 + g - 6. Let d be -2 + -3 - (-15)/3. What is b(d)?
-6
Suppose -5*h - 1 + 13 = c, 5*h - 33 = -4*c. Let t(s) = -s**2 + 7*s + 5. Give t(c).
5
Let o(d) = -2*d - 10. Let s be o(-7). Suppose -s*k - 1 + 9 = 0. Suppose k*p = -p. Let b(q) = -q**2 - q - 6. Calculate b(p).
-6
Let p(s) = 2 - 2 - s - 5. Let a = -2 + -1. Let f be 16/3 + 1/a. Calculate p(f).
-10
Let c(w) = -w**2 - 2*w + 4. Let g(t) = t**2 + 3*t - 4. Let a(q) = -3*c(q) - 2*g(q). Let b be a(-3). Let v = 1 + b. Let m(d) = -d + 1. What is m(v)?
-5
Let b(j) = 2*j + 5. Let w(f) = f + 2. Let o(a) = -3*b(a) + 5*w(a). What is o(-4)?
-1
Suppose -5*n - 2*f - 205 = 0, -n + 4*f + 215 = -6*n. Let i be 1/(-2 - n/18). Let v(a) = a**2 - 7*a + 2. What is v(i)?
-4
Let d(b) = b**3 + 5*b**2 + 4*b + 7. Suppose 0 = -k - o - 4*o, o - 16 = -k. Suppose 4*x + g = -k, 2*g = x - 3*g + 5. What is d(x)?
-13
Let g = -9 - -3. Let l be (1 + g/9)*18. Let n(w) = -5*w**3 - w - 6 + l. Give n(1).
-6
Let d = 865/12 + -72. Let t(w) be the third derivative of 0*w - d*w**4 + 0 + w**2 + 0*w**3. Give t(-5).
10
Let d(n) be the second derivative of n**3/3 + 3*n**2/2 - 6*n. Suppose -3*r - 3*s - 10 = 2*r, r - 2*s = -2. Determine d(r).
-1
Let y(l) be the second derivative of -l**7/2520 + l**6/144 + l**5/120 + l**4/12 - 2*l. Let a(x) be the third derivative of y(x). Give a(4).
5
Let f(o) = -3*o + 8. Let n(c) = 4*c - 12. Let p(u) = -7*f(u) - 5*n(u). Let a(r) = -5*r - 16. Let v(y) = 2*a(y) + 9*p(y). Give v(0).
4
Let b be (0 - 1)*1 + -1. Let j = 0 - b. Let d(a) = -a + j*a - 6*a + 3*a. Give d(2).
-4
Suppose -4*x + 55 = -5. Let d(v) = -4 - 10 - v + v**3 + 3*v + x + 3*v**2. Suppose -y - 4*y = 10. Give d(y).
1
Let m = 6 + -10. Let n = -2 - m. Let l(s) = -s - 2. Determine l(n).
-4
Let l = 7 + -2. Let m(b) = -b**3 + 4*b**2 + 6*b + 4. What is m(l)?
9